312192?
2
What is the hundreds digit of 15025640?
6
What is the hundred thousands digit of 826023?
8
What is the units digit of 1195631?
1
What is the hundreds digit of 6309677?
6
What is the units digit of 225805?
5
What is the thousands digit of 3038771?
8
What is the thousands digit of 104184?
4
What is the tens digit of 455130?
3
What is the tens digit of 1915157?
5
What is the units digit of 939773?
3
What is the units digit of 6101557?
7
What is the hundred thousands digit of 779695?
7
What is the hundreds digit of 9023770?
7
What is the millions digit of 1923770?
1
What is the ten thousands digit of 9262687?
6
What is the thousands digit of 240703?
0
What is the tens digit of 8110079?
7
What is the tens digit of 231695?
9
What is the hundred thousands digit of 796699?
7
What is the thousands digit of 146812?
6
What is the hundred thousands digit of 736429?
7
What is the hundreds digit of 2394860?
8
What is the hundreds digit of 14230092?
0
What is the hundred thousands digit of 265912?
2
What is the hundred thousands digit of 219370?
2
What is the hundred thousands digit of 722633?
7
What is the units digit of 16926082?
2
What is the hundreds digit of 4904842?
8
What is the tens digit of 78567?
6
What is the tens digit of 43493?
9
What is the ten thousands digit of 411700?
1
What is the ten thousands digit of 27373463?
7
What is the ten thousands digit of 846065?
4
What is the units digit of 13841911?
1
What is the hundreds digit of 7735695?
6
What is the ten thousands digit of 199106?
9
What is the tens digit of 681414?
1
What is the tens digit of 12163028?
2
What is the thousands digit of 67458?
7
What is the units digit of 634609?
9
What is the units digit of 49348?
8
What is the tens digit of 1741011?
1
What is the thousands digit of 9390189?
0
What is the hundred thousands digit of 3708885?
7
What is the hundreds digit of 454013?
0
What is the thousands digit of 1492337?
2
What is the hundred thousands digit of 2355375?
3
What is the hundreds digit of 56190?
1
What is the ten thousands digit of 22599878?
9
What is the millions digit of 10484858?
0
What is the tens digit of 2827726?
2
What is the thousands digit of 697472?
7
What is the hundred thousands digit of 26904012?
9
What is the ten thousands digit of 12729851?
2
What is the hundreds digit of 187057?
0
What is the millions digit of 2906036?
2
What is the hundred thousands digit of 2201118?
2
What is the tens digit of 599769?
6
What is the thousands digit of 93667?
3
What is the hundreds digit of 13229280?
2
What is the ten thousands digit of 675603?
7
What is the thousands digit of 4095591?
5
What is the millions digit of 2908856?
2
What is the thousands digit of 15216?
5
What is the ten thousands digit of 985066?
8
What is the thousands digit of 294750?
4
What is the units digit of 543586?
6
What is the millions digit of 1399218?
1
What is the ten thousands digit of 537587?
3
What is the units digit of 3791198?
8
What is the units digit of 4597628?
8
What is the hundreds digit of 2872082?
0
What is the units digit of 26722617?
7
What is the units digit of 3398765?
5
What is the thousands digit of 1215164?
5
What is the ten thousands digit of 33154?
3
What is the ten thousands digit of 20508169?
0
What is the tens digit of 91866?
6
What is the units digit of 412134?
4
What is the units digit of 15594520?
0
What is the hundreds digit of 1877933?
9
What is the units digit of 202062?
2
What is the units digit of 39293828?
8
What is the tens digit of 145498?
9
What is the millions digit of 1310197?
1
What is the hundreds digit of 281064?
0
What is the ten thousands digit of 946875?
4
What is the hundred thousands digit of 5613336?
6
What is the hundreds digit of 1039899?
8
What is the hundred thousands digit of 642351?
6
What is the hundred thousands digit of 404072?
4
What is the ten thousands digit of 2220747?
2
What is the hundred thousands digit of 586914?
5
What is the thousands digit of 9757280?
7
What is the thousands digit of 909774?
9
What is the units digit of 2694391?
1
What is the tens digit of 91705?
0
What is the ten millions digit of 11905549?
1
What is the tens digit of 734041?
4
What is the tens digit of 1998747?
4
What is the hundred thousands digit of 2825344?
8
What is the millions digit of 17145671?
7
What is the tens digit of 307432?
3
What is the units digit of 13133219?
9
What is the units digit of 4050454?
4
What is the thousands digit of 426891?
6
What is the thousands digit of 9302544?
2
What is the tens digit of 104854?
5
What is the hundred thousands digit of 1524881?
5
What is the hundreds digit of 220556?
5
What is the thousands digit of 168203?
8
What is the hundred thousands digit of 289333?
2
What is the tens digit of 2431649?
4
What is the tens digit of 1552904?
0
What is the hundreds digit of 192713?
7
What is the units digit of 265592?
2
What is the thousands digit of 80696?
0
What is the hundreds digit of 220938?
9
What is the tens digit of 5495265?
6
What is the tens digit of 1871774?
7
What is the tens digit of 14258?
5
What is the thousands digit of 37467?
7
What is the tens digit of 1020601?
0
What is the hundreds digit of 1387168?
1
What is the hundred thousands digit of 1445572?
4
What is the tens digit of 2581068?
6
What is the ten thousands digit of 312697?
1
What is the ten thousands digit of 2355342?
5
What is the tens digit of 1742?
4
What is the units digit of 136941?
1
What is the units digit of 6469595?
5
What is the thousands digit of 385406?
5
What is the units digit of 377293?
3
What is the ten thousands digit of 2750421?
5
What is the hundreds digit of 2490868?
8
What is the tens digit of 4835796?
9
What is the thousands digit of 4804817?
4
What is the hundreds digit of 440209?
2
What is the ten thousands digit of 4043724?
4
What is the thousands digit of 438878?
8
What is the millions digit of 18299838?
8
What is the millions digit of 7729404?
7
What is the tens digit of 74372?
7
What is the units digit of 1493868?
8
What is the ten thousands digit of 17093918?
9
What is the thousands digit of 656773?
6
What is the tens digit of 2884699?
9
What is the units digit of 172261?
1
What is the units digit of 10558678?
8
What is the hundreds digit of 308934?
9
What is the ten thousands digit of 4106637?
0
What is the units digit of 165049?
9
What is the hundreds digit of 942202?
2
What is the units digit of 788395?
5
What is the units digit of 34679327?
7
What is the thousands digit of 259641?
9
What is the thousands digit of 21186?
1
What is the ten millions digit of 30261554?
3
What is the hundred thousands digit of 7467129?
4
What is the ten thousands digit of 9372835?
7
What is the tens digit of 1331423?
2
What is the hundreds digit of 663519?
5
What is the thousands digit of 19750?
9
What is the millions digit of 3971564?
3
What is the hundred thousands digit of 196494?
1
What is the tens digit of 351174?
7
What is the tens digit of 7260?
6
What is the units digit of 29407?
7
What is the thousands digit of 121885?
1
What is the units digit of 1783576?
6
What is the ten thousands digit of 23123090?
2
What is the hundreds digit of 261095?
0
What is the hundreds digit of 10075?
0
What is the units digit of 27653?
3
What is the millions digit of 1347277?
1
What is the units digit of 177787?
7
What is the units digit of 110509?
9
What is the thousands digit of 2747?
2
What is the ten thousands digit of 7845160?
4
What is the thousands digit of 4197071?
7
What is the ten thousands digit of 1283100?
8
What is the ten thousands digit of 9618017?
1
What is the hundred thousands digit of 210632?
2
What is the tens digit of 380789?
8
What is the thousands digit of 24019018?
9
What is the tens digit of 311738?
3
What is the millions digit of 10931471?
0
What is the hundreds digit of 556489?
4
What is the units digit of 1766891?
1
What is the millions digit of 11839289?
1
What is the ten thousands digit of 483217?
8
What is the hundreds digit of 1447739?
7
What is the tens digit of 309534?
3
What is the thousands digit of 690625?
0
What is the millions digit of 3984715?
3
What is the hundred thousands digit of 44494112?
4
What is the hundreds digit of 36621?
6
What is the thousands digit of 4430?
4
What is the ten thousands digit of